pose 4*c + w - 2 = 7, x = -c - w. Let l(g) = -5 + 0*g**3 + 5*g**2 - g**3 + 0*g**c. Calculate l(5).
-5
Let h(t) = t**2 - 5*t + 5. Let g be h(4). Suppose 3*m - 5*q + 7 = 3, 0 = 4*m - q - 23. Let s(k) = -5*k + m*k + k**2 + 2 - k**3 - g + 0*k. What is s(-1)?
1
Let a(i) = -3*i**2 + 23*i + 14. Let z(c) be the first derivative of -4 + 1/3*c**3 - 4*c**2 - 5*c. Let h(y) = -3*a(y) - 8*z(y). Give h(5).
-2
Let c(a) be the second derivative of -a**3/6 + 5*a**2/2 - 17*a. Determine c(-11).
16
Suppose 0 = -7*y - 0*y + 42. Let v(k) = 2*k + k**3 - 2*k**3 - 2*k**2 + y*k - 3*k**2. Determine v(-6).
-12
Let n be (0 + 2 + 9 + -10)*5. Let d(j) = -j**3 + 6*j**2 - 3*j - 5. Calculate d(n).
5
Let k(t) = -t. Let c be (90/30)/((-3)/(-2)). Determine k(c).
-2
Let v = -5 - 0. Let t(w) = 2*w + 11. Let p be t(v). Let k(q) = 5*q. Determine k(p).
5
Let k = -26 + 28. Suppose 0 = p + k*n - 18, -p + n + 3 = -0*p. Let l(o) = 16 + o**2 - 12 - o - p. What is l(0)?
-4
Let t(n) = n + 5. Let o(l) = l + 4. Let w(b) = -6*o(b) + 5*t(b). Let d be (-46)/(-16) + 22/176. Give w(d).
-2
Let u be 102/13 + (4 - 100/26). Let k(c) be the second derivative of c**5/20 - 7*c**4/12 - 4*c**3/3 - 2*c**2 + 2*c. Calculate k(u).
-4
Suppose -6*b + 2*b - 80 = 0. Let t be (4/(b/(-15)))/1. Let q(d) = d**3 - 3*d**2 + d + 3. Determine q(t).
6
Let j(f) = -2*f**2 + 2*f + 2. Let g(a) = 3*a**2 + 3*a - 3. Let v(u) = 4*u**2 + 3*u - 4. Let s(d) = 7*g(d) - 6*v(d). Let w(i) = 4*j(i) - 3*s(i). Give w(0).
-1
Suppose 47*y - 20 - 262 = 0. Let q(i) = -4*i**2 + 3*i + 2. Let p(l) = -3*l**2 + 2*l + 2. Let d(n) = 5*p(n) - 4*q(n). Calculate d(y).
26
Let h(b) be the third derivative of -b**6/120 + b**5/60 + b**4/24 + 7*b**3/6 + 8*b**2. Let o = -81 - -81. What is h(o)?
7
Let i(x) = -115*x + 40*x + 10 + 71*x. Give i(-8).
42
Let q(g) = -5*g + 19. Let l(i) = -4*i + 18. Let u(k) = 4*l(k) - 3*q(k). Let r(z) = -11*z + 296. Let w be r(26). Give u(w).
5
Let o(l) be the third derivative of -1/30*l**6 + 36*l**2 + 0*l + 0*l**4 + 0*l**5 + 0 + 1/6*l**3. Give o(1).
-3
Let i(j) = 3*j + 13. Let u be (11 + (-630)/50)*10/4. Give i(u).
1
Suppose 2*d = -4*s + 118, 4*s = -0*s + 3*d + 123. Suppose s = -3*a - 2*a. Let j(g) = -5 + 0 + 62*g**2 + 2*g - 61*g**2 + 4*g. What is j(a)?
-5
Let x(a) be the first derivative of -a**4/4 + 2*a**3 - 5*a**2/2 + 5*a - 16. Calculate x(4).
17
Let b(g) = 11*g + 1. Let m(z) = 11*z + 1. Let p(q) = 4*b(q) - 5*m(q). Let j = -198 + 199. What is p(j)?
-12
Let b be 10/3*(-9)/(-6). Let q(j) = 25*j + 5 - 13*j - 13*j. Determine q(b).
0
Let i(l) = -3*l. Let j(w) = 4*w - 1. Let d(t) = 5*i(t) + 4*j(t). Let f = -25 - -28. Suppose -f*z + 6 = -12. Calculate d(z).
2
Let y(w) = w**3 + 5 + 0*w**2 + 7*w**2 + 3*w - 3*w**2. Let v(f) = -f**3 - 19*f**2 + f + 24. Let r be v(-19). Suppose -5*z - r*z - 40 = 0. Calculate y(z).
-7
Let r(s) = -283*s**2 + 848*s**2 - 280*s**2 - 8*s + s**3 - 9 - 281*s**2. Determine r(-6).
-33
Let y(v) be the first derivative of v**3/3 - v**2 - v - 149. Give y(4).
7
Suppose y + y = -2. Let r(g) be the second derivative of -3*g**5/10 - g**4/12 - 7*g. What is r(y)?
5
Let n = -12 - -16. Suppose -5*v + 15 = -0*v. Let r(g) = -2 + 0 + 1 - v + g**2. What is r(n)?
12
Let a(t) = -t**2 + 5*t - 2. Let p be a(4). Let i be 10/3 + p/3. Let w(f) = -i*f + 7 + 5 - 14. Calculate w(2).
-10
Let l = 47 - 33. Let i = -21 + l. Let p(z) = -z**3 - 6*z**2 + 8*z + 5. What is p(i)?
-2
Suppose n + 2 = 0, 17*h = 19*h - 3*n + 12. Let r(w) = -w - 5. Give r(h).
4
Let y(a) = a**3 - 11*a**2 + 2*a - 14. Let b(s) = 2*s - 15. Suppose -2*j + 11*g = 10*g - 30, -3*j + 59 = -5*g. Let o be b(j). Calculate y(o).
8
Let x(v) = -3 - 295*v + 131*v + 162*v. Let m = -16 - -38. Let s be 2/(-8) + m/(-8). Calculate x(s).
3
Let l be 4*(15/(-20) + (-1)/(-4)). Let n = 8 - 5. Let p(j) = -j - 1 + 0*j**2 - j**n - 4*j**2 - 1. Calculate p(l).
-8
Let p(t) = 2*t - 27. Let f(u) = 3*u - 46. Let a(o) = 4*f(o) - 7*p(o). Determine a(-8).
21
Suppose -25 = -4*d - 5*f, 5*f + 2 = 2*d - 3. Suppose 4*p + 3*n - 20 = 0, d*p + 0*p + 5*n - 30 = 0. Let q(j) = -3*j**2 + j + 1. Calculate q(p).
-9
Suppose -4 = -3*r - 1. Let p(z) = -3*z - z + 2*z + r - z. Let s = -26 - -28. Give p(s).
-5
Let r(h) be the second derivative of h**5/20 + h**4/2 + 2*h**3/3 - h**2/2 - 181*h. Give r(-4).
15
Let s(g) = 5*g + 175. Let i be s(-37). Let p(l) = l**3 + 10*l**2 - l - 10. What is p(i)?
0
Let i(n) = n**2 + 12*n + 7. Let a be (22/(-4))/((-42)/(-84)). Determine i(a).
-4
Let h be 3/2*(-40)/(-30). Let v(d) = -d**3 + 2*d - 2. Calculate v(h).
-6
Let b(r) = 7*r**2 + 9 - 2 + r - 6*r**2. Let f = -760 + 760. Determine b(f).
7
Let h(g) = 3*g - 16. Let v be h(6). Let a(d) = -8*d + 18*d + d**3 + 4 - 6*d**v - 2*d**3 - 7*d. Give a(-6).
-14
Let x(k) = -6 + 7*k**2 + 15 + 0 - 4*k**3 + 5*k - 3 + 3*k**3. Determine x(8).
-18
Let j(n) = 22*n**3 + 51 + 55 - 162 + 55. What is j(-1)?
-23
Let u(s) = -12. Let v(h) = -h - 2. Let f(a) = -u(a) + 4*v(a). Let r(z) = -3*z + 2. Let o(y) = 4*f(y) - 5*r(y). Calculate o(4).
2
Suppose 4*x - 14 + 50 = 0. Let z(s) = -s**3 - 4*s**2 - 2*s + 4. Let p be z(-2). Let v(j) = -j + p + 1 - 4 + 0. Determine v(x).
6
Let n(k) = k**3 + k**2 - 2. Let p be n(2). Let h(r) = p - r - 34 + 9 + 17. Let m = 0 - -3. Determine h(m).
-1
Let d(i) = -3*i**2 - 4*i - 4. Let b(j) = j**2 - j - 1. Let c(r) = 5*b(r) - d(r). Let x(u) = u**2 + u. Let w(o) = -c(o) - 2*x(o). What is w(1)?
-10
Let i(d) = 5*d**2 - d**3 + 0*d**2 + 2 + 2*d**3 - 2343*d - 7 + 2341*d. Determine i(-3).
19
Let k(d) = d**2. Let a(t) = -2*t**2 + t. Let h(s) = -a(s) - 6*k(s). What is h(-1)?
-3
Let b(z) be the first derivative of -z**3/3 + 5*z**2/2 + 6*z - 117. Suppose c - s = 5, -5*s + s + 12 = 4*c. Suppose -c*n = -n - 18. Determine b(n).
0
Let a(u) = 9*u**3 - 11*u**2 + 4*u + 1. Let m(d) = 7*d**3 - 10*d**2 + 5*d. Let x(c) = -3*a(c) + 4*m(c). Give x(5).
-13
Let m(c) = -4*c - 177 + 5*c + 352 - 177. Let l(q) = q**3 + 8*q**2 + 8*q + 9. Let z be l(-7). Determine m(z).
0
Let a(t) = 3*t**3 + t + 2. Let w be 5 - -2*(6 - 9). Determine a(w).
-2
Let f(c) = -13*c**2 + 2*c - 1. Let h be 6/(-24) + 0 + 1/4. Let v be 3 + 1 + -3 + 0 + h. Determine f(v).
-12
Let k(q) = q**2 - 43*q - 2 + 16*q + 2 - 7 + 23*q. Give k(9).
38
Suppose -47*h + 30 + 111 = 0. Let s(y) = y**2 - y - 1. Let d(x) = 3*x**2 - 2*x - 4. Let p(f) = d(f) - 2*s(f). Give p(h).
7
Let q be 3/3*26 + -4. Let l = q + -15. Suppose l*g = 4*g. Let a(s) = s**2 + s + 7. What is a(g)?
7
Let z(w) be the third derivative of w**7/840 + w**6/90 - w**5/30 + w**4/6 + 13*w**3/6 - 4*w**2. Let v(s) be the first derivative of z(s). Give v(-5).
-1
Let l(m) = m**2 + 5*m - 3. Let j be l(-6). Suppose 3*y + 3*w + 0*w - 27 = 0, -5*y = -5*w + 5. Let b(t) = 10 + t**3 - 6*t**2 + 1 + 2 - y - j*t. Determine b(6).
-9
Let r(k) = 13 + 8*k**3 - 33*k**3 + 9*k**3 - k**2 + 15*k**3. Calculate r(0).
13
Let b(r) = 510*r - 989*r + 480*r + 4. Determine b(-1).
3
Let c(v) = v**2 - 6*v + 2. Let g(o) = -5*o + 10. Let p be g(1). What is c(p)?
-3
Let i = -11 - -13. Let a be (4 - i) + 1 + 0. Let v(r) = 5*r + 1 + 2 + 0 + 2*r**2 - a*r**2. Calculate v(5).
3
Let k(n) be the first derivative of n**3/3 - n**2/2 - 7*n + 1. Let v(y) = -y**2 - 16*y + 44. Let r be v(-18). Let s(b) = -3*b + 24. Let c be s(r). What is k(c)?
-7
Let f be 4/(-6) - 0 - 240/72. Let w(b) = 4*b**2 + 10*b + 3 - 7*b + 2*b**3 - b**3. What is w(f)?
-9
Let z(n) = n**2 - 2*n - 1. Let s(g) = 3*g**2 - 5*g - 3. Let c be 3 + -1 - (-36)/(-3). Let a be c/(-8)*(-56)/14. Let f(k) = a*z(k) + 2*s(k). Determine f(-1).
0
Let l(z) be the second derivative of -z**3/2 + z**2 + 2*z. Suppose d - 3*r - 5 = 5, 0 = -5*d - 2*r - 35. What is l(d)?
17
Let a(d) = -3*d**2 - d - 29. Let z(v) = 3*v**2 + v + 35. Let g(n) = -6*a(n) - 5*z(n). Suppose -5*m + 9*m = -8. Calculate g(m).
9
Let u(b) = 3*b - 21. Let x be u(5). Let p(t) = t + 10. Determine p(x).
4
Let y(m) = -m**3 + 28*m**2 - 26*m - 34. Let x be y(27). Let i(v) = -v**3 - 6*v**2 + 7*v + 2. Determine i(x).
2
Let u(i) = -2*i - 15. Suppose 114*j - 124*j = 90. Calculate u(j).
3
Suppose 4*k - 10 = 5*u, 2*k + 12 = 6*k - 4*u. Suppose k*q + 0 = 15. Let o(i) = -q*i + 3*i**3 + 0*i**3 - 2*i**3 + 2*i**2 + 0*i. What is o(-3)?
0
Let w(i) be the second derivative of -i**6/720 - i**5/120 + i**4/6 - 2*i. Let b(m) be the third derivative of w(m). Let p = 477 - 476. Calculate b(p).
-2
Let b = -9 + 11. Let k(i)